 -10. Give u(f).
-8
Suppose 0 = 2*n - 3*n + 20. Suppose 4*w + n = -0*w. Let v(s) be the third derivative of s**6/120 + s**5/12 + s**4/24 + s**3 + 2*s**2. What is v(w)?
1
Let z(n) = -76*n. Let b(c) = -7*c. Let d(v) = 32*b(v) - 3*z(v). Let j = -474 + 472. Give d(j).
-8
Let z(f) be the first derivative of -f**4 + f**3/3 + f**2 - f - 171. Determine z(2).
-25
Let x(r) be the third derivative of r**6/15 + r**4/24 + 5*r**2 + 3*r. Determine x(1).
9
Let t(g) = -g**3 + 0*g + 0*g**3 + 1 + 2*g**2 + g. Let b be (-1)/(-2) - (-135)/10. Suppose -4*n + 12 = -y, -y + 2*y + b = 5*n. What is t(n)?
3
Let d(o) = -13*o - 5*o**2 + 3*o**2 + 1 + 5*o - o**2 + 4*o. Give d(1).
-6
Let j(s) be the third derivative of s**3 - 1/60*s**5 + 1/24*s**4 + 0 + 0*s + s**2. Give j(5).
-14
Let k be 1312/20 + 6/(-10). Let a = -69 + k. Let h(f) be the third derivative of f**6/120 + f**5/30 - f**4/4 - f**3/6 + f**2. Give h(a).
-9
Let u(l) = 214*l**3 - 3*l**2 - 2 - 215*l**3 + 7*l**2 + 7*l. Determine u(6).
-32
Let s(j) = 4*j + 3 - 19 - 481*j**3 + 480*j**3 - 5*j**2. Determine s(-6).
-4
Suppose -3*c + 3*n + 27 = 2*c, 26 = 4*c + 2*n. Suppose 4*k - u - 16 + 5 = 0, 2*u = -5*k + 17. Let z(v) = -2 - 22*v**3 + k - v + 21*v**3 + 6*v**2. What is z(c)?
-5
Let r(x) be the first derivative of 2*x**2 - 26*x + 181. What is r(8)?
6
Let o = -5 + 7. Let x(i) = 0*i - i**2 - 4*i**o + 0*i - i**3 - i - 5. Let j = -17 + 12. What is x(j)?
0
Let v(o) = -o**2 + 11*o + 3. Let s be v(11). Suppose z = 2*j - 1, 4*z = 5*j - z + 5. Let r(c) = 151 - 70 + s*c - 77 + 4*c**j - c**3. Give r(5).
-6
Suppose -95 = -t - 92. Suppose -4*q = -a + t, 4*q - 1 = -3*a + 8*q. Let p(b) = 4*b**3 + 2*b**2 - 1. Determine p(a).
-3
Let a(r) be the first derivative of -2*r**2 + r - 854. Suppose -1 = -4*j + 7. Suppose s - j = -1. Determine a(s).
-3
Let i(h) = -4*h - h - 8*h**2 - 48*h**2 - 2 + 0 - h**3 + 63*h**2. What is i(5)?
23
Let r(f) = 11*f + 4 - 6*f - 2*f. Let k(g) = -g. Let s(c) = 4*k(c) + r(c). Determine s(-8).
12
Let b(w) = w**2 - 4*w + 2. Let x = -56 - -59. Give b(x).
-1
Let t(p) = -3 + 6 - 7 + p. Let b(s) = s + 12. Let v be b(-6). Give t(v).
2
Let i(l) = l**3 + 6*l**2 - 5*l + 10. Suppose 0 = 2*h - 3*f - 27, -16 - 20 = -3*h + 3*f. Suppose 4*x + 28 = -5*y, -2*x + 2*y - h = 5. Determine i(x).
-4
Let f(z) = 2*z**2 + 330 - z**3 - 658 - z + 328. Determine f(1).
0
Let s(d) be the third derivative of d**5/30 + d**4/6 - d**3/6 + d**2 - 1137*d. Suppose 0 = y + 2 + 1. Calculate s(y).
5
Suppose -24 = 3*p + 5*g, 6*p - 2*p - 5*g - 3 = 0. Let q(v) = -v**2 - 5*v + 5. Determine q(p).
11
Suppose 98*b = 126*b - 56. Let r(m) be the second derivative of 3*m**b + 0 - 8*m - 1/3*m**3. Determine r(6).
-6
Let a(d) = 3*d**2 + 3*d + 1. Let t(s) = -31*s + 123. Let j be t(4). Calculate a(j).
1
Let o(c) = -2*c**2 - 3*c - 4. Let q be (6/8)/((-48)/(-128)). Let d(b) = -9*b + 15. Let i be d(q). Give o(i).
-13
Let q(p) = 2*p + 5. Let b(u) = 0 + 7 + 2*u - 1 + 0. Let c be b(-6). Calculate q(c).
-7
Let v be (-45)/6*(-4)/6. Suppose -18 = 5*f - 4*n, -f + 5*f + v*n = -39. Let b(k) = -k**2 - 4*k + 5. Give b(f).
-7
Let n = 26 - 25. Let q(l) = 0*l - 5*l - 7 + n + 3*l. Determine q(-6).
6
Let d = -89 - -88. Let p(y) = -7*y - 3. Let v(o) = 1. Let r(c) = d*p(c) - 2*v(c). Let u be ((-2)/(-4))/((-2)/4). Give r(u).
-6
Let g be 48/18 + (-2)/(-6). Suppose g*x = 7*x - 8. Let l(j) = 1 + 3*j + j**2 + 2*j**x - 3 - 2*j**2. Calculate l(-3).
-2
Let t(f) = -f + 5. Let b(v) = 1. Let r(y) = -3*b(y) - t(y). Suppose -359 = -37*x - 100. Determine r(x).
-1
Let l(f) = f**2 - 15*f + 11. Let q(s) be the third derivative of -s**5/30 + 29*s**4/24 - 7*s**3/2 - 37*s**2. Let b(x) = 5*l(x) + 3*q(x). Determine b(11).
3
Let u(x) = 25 + 16*x + 0*x - 26. Let w(k) = 2*k**3 - 2*k**2 + 2*k - 1. Let f be w(1). Calculate u(f).
15
Let y(s) = -11*s**3 - 5*s**2 + 14*s + 14. Let c(j) = 2*j**3 + j**2 - 2*j - 2. Let u(d) = 5*c(d) + y(d). Calculate u(-4).
52
Let v(r) be the second derivative of r**5/20 + r**4/12 - 3*r**2/2 + 5*r - 1. Calculate v(-3).
-21
Let a(z) = 320*z - 110. Let h(x) = 35*x - 12. Let r(n) = 6*a(n) - 55*h(n). Suppose t - 5*t - 4 = -4*b, -4*b = 2*t - 4. Determine r(b).
-5
Let n = -7 + 4. Let t(h) = -1 + 1 - 2*h. Let g(x) = 10*x - 1. Let j(u) = 2*g(u) + 11*t(u). Calculate j(n).
4
Let c(y) = 5*y**2. Let i be (2/(-8))/((-5)/(-20)). Let k be (0/i)/(-4) - 1. Calculate c(k).
5
Let g be 11 - 2*(-5)/(-2). Suppose -9*r + 3 = -g*r. Let u(z) = 5*z**2 - z. What is u(r)?
4
Let b(s) = -7*s + 13 - 5*s - 362*s**2 + 363*s**2. Determine b(11).
2
Let x(l) = 14*l**2 - 3*l - 9. Let q(v) = -9*v**2 + 3*v + 9. Let t(i) = 3*q(i) + 2*x(i). What is t(-6)?
27
Suppose 112 = 9*n - 122. Let d = -21 + n. Let k(t) = -t**3 + 6*t**2 - 6*t - 3. Determine k(d).
-8
Suppose -8 = -0*b - 2*b + v, 5*v = -10. Let a be 130/(-12) + b/(-18). Let y be (-4)/22 - 46/a. Let s(m) = m**2 - 4*m + 1. What is s(y)?
1
Let u = -1700 - -1708. Let s(p) = -p**2 + 6*p + 29. What is s(u)?
13
Let a(m) = 7*m**3 + 7*m**2 - 59*m - 13. Let b(r) = 4*r**3 + 3*r**2 - 30*r - 7. Let s(p) = 3*a(p) - 5*b(p). What is s(-9)?
-4
Let r(q) = 5*q - 9*q + 6 + 57*q**2 - 58*q**2. Let g = -13 + 7. What is r(g)?
-6
Let z(m) = -m**2 + 8*m - 6. Let f(o) = -o**3 + 4*o + 2. Let u be f(-2). Suppose 5*h = 4*b - 19, -3*b = -u*h + 6*h - 22. Give z(b).
6
Let z be ((-7740)/81)/(-43) + (-2)/9. Let i(a) = -4 + 1 + 0 + 7*a. Calculate i(z).
11
Let a(k) = k**2 - 3*k + 1. Let r be ((-7)/4)/((-3)/12). Let b(p) = -p**3 + 7*p**2 + p - 4. Let n be b(r). What is a(n)?
1
Suppose 12 = 2*g - 2*i, 0 = 4*g - 2*i - 0*i - 16. Let a(n) = 2*n - 10*n - n**2 + 0*n**g - 17 + 15. Calculate a(-7).
5
Let z(n) = -n + 3. Let f(d) = d**3 + 7*d**2 - d + 6. Let m be f(-7). Suppose m*i - 3 = 14*i. What is z(i)?
6
Let x(v) = -5*v**2 + 3*v. Let n be 5/(6 - 11)*(-2 + 0). What is x(n)?
-14
Let m(a) = 9 + 2 - 6*a + a + 4*a. Determine m(13).
-2
Let o(n) = n**2 - 3*n - 10. Let t be o(-2). Let d(c) be the second derivative of -c**5/20 + c**4/12 - c**3/6 + 3*c**2 - 3*c. What is d(t)?
6
Let l(c) = -6*c**2 - 3*c - 1. Suppose k = 4*k - i, 16 = -4*k - 4*i. What is l(k)?
-4
Let f(d) = 5*d + 1. Let b be 6*(4 - 46/4). Let j = b - -46. Determine f(j).
6
Let o be (-2)/(-7) - (-2)/(-7). Let h(l) be the first derivative of -l**4/4 + l**3/3 + l**2/2 + l - 674. What is h(o)?
1
Suppose 9*h - 29 = -47. Let w(t) = 15*t + 4. What is w(h)?
-26
Let c(i) be the first derivative of -i**4/4 - 2*i**3 - 3*i**2/2 + 3*i + 27. Determine c(-5).
-7
Let r(l) be the third derivative of -l**6/120 + l**5/6 + 7*l**4/12 - 9*l**3/2 - 251*l**2. What is r(11)?
6
Let r(m) = -2*m. Let x be 6/(-24) + (-475)/4. Let t = 116 + x. Calculate r(t).
6
Suppose -3*t - t + 12 = 0. Let f(j) be the first derivative of j**3 - 3*j**2/2 - 2*j + 3399. Calculate f(t).
16
Suppose -29*w + 46*w = -85. Let v(o) = o**2 + o - 16. Calculate v(w).
4
Let r be (9 - 4) + 4 + -3. Suppose 170 = -r*t + 146. Let l(d) = -5*d. Give l(t).
20
Let b(y) = y**3 + 5*y**2 + 2*y - 2. Suppose -61 = -4*a + 11. Suppose 25 = 5*q - 0*q. Suppose 0 = 2*z + 3*g + 14, 5*z + a = -q*g - 12. What is b(z)?
6
Let i(x) = 13 - 8*x + 5 - 9*x + 22*x - 6*x. Determine i(5).
13
Let g(u) = 357*u**2 + 352*u**2 + 361*u**2 - 1071*u**2 + 3*u + 9*u. Give g(11).
11
Suppose 2*v = 2*p + 7 - 17, -5*v = 5*p - 35. Let j(m) = p*m - 1 + 5 - 20*m**2 + 21*m**2. Give j(-5).
-1
Let u be -12*7/(-98)*7/2. Let v(q) be the second derivative of 0 + 1/20*q**5 + 3*q - 1/2*q**u + 3/2*q**2 - 1/12*q**4. Give v(3).
12
Let n = -7 - -13. Let m(p) be the first derivative of 3*p**2 - 1/4*p**4 + 25 + 5/3*p**3 + 4*p. Give m(n).
4
Let f(t) = t**3 + 4*t**2 - 3*t - 3. Suppose x - 20 - 3 = 0. Let j(b) = -2*b**3 + 45*b**2 + 22*b + 18. Let h be j(x). Calculate f(h).
-13
Let i(u) = 3*u + 5. Let q(a) = -5*a - 9. Let y be 5 + -3 + 26/2. Suppose -5*z - y = 5. Let o(g) = z*q(g) - 7*i(g). Give o(-2).
3
Suppose 6*u - 355 - 365 = 0. Suppose -5*g - 2*d + u = 0, 3*d = -g + 19 + 18. Let s = g + -28. Let l(a) = 3*a + 6. Calculate l(s).
-12
Let z(v) = 2*v**2 - 8*v**2 - 5*v - 3*v - 7. Let h(g) = 8 + 7*g + g + 5*g**2 + 2*g**2. Let o(u) = 4*h(u) + 5*z(u). What is o(-5)?
-13
Let p(i) be the first derivative of -i**2/2 - 21*i - 193. What is p(-19)?
-2
Let u(w) = -2*w**3 - 9*w**2 + 16. Let z be u(-4). Let a(d) be the first derivative of 5 - 1/2*d**2 + z*d. Determine a(2).
-2
Let v = -92 - -93. Let h